ose 0 = 2*h + 3*g - g + 2, m*h - 3*g - 23 = 0. Suppose -i + h*i - 14 = -s, 5*s - 2*i = 2. Calculate f(s).
12
Let m(r) = 4*r + r**2 - 3*r**2 + 3*r**2 + 1. Let c = 14 + 1. Suppose 6*b + c = b. Determine m(b).
-2
Let g(x) be the second derivative of -x**4/12 + x**3/2 - x**2/2 - 265*x. Let d be (4/(-10))/(1/(-5)). Calculate g(d).
1
Let n(u) = u**2 + 10*u - 9. Suppose -k = -q + 6, 0*k - 4*k = -2*q + 32. Give n(k).
-9
Let b(r) = r**2 - 12*r + 2. Let c be b(12). Suppose -5*v + 43 = -c*u, -3*u = -4*v + v + 24. Let f(m) = -m**2 + 10*m - 8. Calculate f(v).
1
Let q(a) be the first derivative of -a**3/3 - a**2/2 + 4. Let r be q(0). Let z(y) = -6*y**2 + y - 2 + 7*y**2 - 3. Calculate z(r).
-5
Let b(s) = -s**3 - 6*s**2 + 8*s + 3. Let f = 8 - 12. Let y(c) = 2*c + 1. Let g be y(f). Calculate b(g).
-4
Let o(y) = 3*y. Let z be -6 + -5 + 9 + -2*1. Let w be (18/8)/((-15)/(-40)) + z. Give o(w).
6
Let p(w) be the first derivative of -w**3/3 + 9*w**2/2 - 8*w + 31. Give p(8).
0
Let v(r) = -29*r + r**2 + 56*r - 20*r - 2. Calculate v(-6).
-8
Let l = 12 + -6. Let i(r) = 10 - 11 - r + 1 + l. Calculate i(7).
-1
Suppose -205 = -4*l - 4*r + 15, 3*l - 153 = r. Suppose l - 16 = -6*b. Let a(f) = f**3 + 7*f**2 + 8*f. Calculate a(b).
-12
Let t(s) = 3 + 34*s - 13*s - 11*s - 13*s - 7*s. Calculate t(1).
-7
Let w(m) be the third derivative of -7*m**5/30 + m**3/6 + 2*m**2 - 15*m. What is w(-1)?
-13
Let v(y) be the first derivative of -42 + 1/3*y**3 + 1/2*y**2 + y. Determine v(-2).
3
Let o(u) = 8*u**2 + 3*u - 1. Let g(v) = -10*v**2 - 4*v + 1. Let i(f) = 5*g(f) + 6*o(f). Determine i(2).
-13
Let c(r) be the third derivative of -r**4/24 + r**3/6 - 8*r**2 + 11. Let k(m) = m**2 - 2*m + 3. Let w be k(2). Determine c(w).
-2
Suppose -17*l + 15*l - n - 5 = 0, 5*l = -3*n - 12. Let r(g) = -g**2 - 3*g - 4. Determine r(l).
-4
Let d(x) be the second derivative of -x**5/20 + x**4/2 + x**3/6 - 4*x**2 - x. Let k(h) = h**2 + 7*h - 2. Let i be k(-8). Determine d(i).
-2
Let l(b) = -b**3 - 4*b**2 + 5*b + 5. Let p = -79 - -21. Let k = p + 53. Give l(k).
5
Let y(f) = 10*f - 31. Let d be y(3). Let h(i) = 10*i**2 + 2*i + 2. Determine h(d).
10
Let t = -2 - -9. Let x(z) = t*z - 2*z + z**2 + 3*z. What is x(-6)?
-12
Let o(f) = f**2 + 7*f + 13. Let w(r) = 2*r**2 + 13*r + 27. Let i(v) = v**2 + 7*v - 19. Let q be i(-8). Let t(m) = q*o(m) + 6*w(m). Determine t(0).
19
Let i = -110 - -112. Let c(j) = j**i - 7776 - 7*j**3 + 7776. Let z(w) = w**2 + 5*w - 7. Let y be z(-6). Determine c(y).
8
Let g(b) be the second derivative of -b**5/120 - b**4/24 - b**3/3 - b. Let p(o) be the second derivative of g(o). Determine p(6).
-7
Let y(t) = 12 + t**2 - 74*t - 61*t + 143*t. Give y(-8).
12
Let b(g) = 8*g + g**2 - 3*g**2 + 3 + g**2 + 5. Suppose -9*x + 28 = -5*x. Determine b(x).
15
Let y be 0/3 - 13 - -4. Let z(p) = p**3 + 9*p**2 + p - 6. Give z(y).
-15
Let i(s) = 0*s**2 + s - 5*s**2 + s**3 + 5*s**2 - s**2 - 5. Suppose -2*a = -5*a - 6, 3*a = -5*m - 6. Suppose 2*n + 3*n = m. Calculate i(n).
-5
Let g = -11 + 17. Suppose 3*u - g = 12. Let i(v) be the second derivative of -v**3/6 + 5*v**2 - 32*v. Calculate i(u).
4
Let q(x) = x**2 - 13*x + 40. Let f be q(9). Let z(p) = p**2 - 5. What is z(f)?
11
Let m be -1*(12 + -8 + 1 + -4). Let b(c) = -5*c - 2. Calculate b(m).
3
Let x(n) be the first derivative of -n**4 + n**3/3 - n**2 - 2*n - 211. Calculate x(-1).
5
Let b(x) = -x + x**2 + 0*x**2 - 2*x - 1. Suppose 0 = -2*n + 2*p + 11 + 5, n = -5*p + 32. Let h(i) = -3*i**2 + 35*i + 17. Let g be h(n). Determine b(g).
9
Let o(a) = 4*a + 1. Let g(p) = -p - 6. Let y(f) = -f - 5. Let r(s) = 3*g(s) - 4*y(s). Let b = -31 + 25. Let i be r(b). Give o(i).
-15
Let w(d) be the second derivative of -d**3/6 + 15*d**2/2 + 7*d. Let u be w(13). Suppose 5*m - 4*h + 15 = 0, m + u*h - 18 + 7 = 0. Let b(n) = 10*n**2. Give b(m).
10
Let s(o) = o + 3. Let x be (-6)/(-10) - 14*3/(-30). Suppose -25 = 5*w + k - 0*k, 2*w = -2*k - x. Give s(w).
-3
Let q be (36/21 - -1) + (-4)/(-14). Let c(h) = -1589*h**2 + 1594*h**2 - 2*h - h**q + 2 + 1. Let f be -2 + 3*(-14)/(-6). What is c(f)?
-7
Let h(c) be the third derivative of 1/3*c**3 + 0*c + 13*c**2 - 1/24*c**4 + 0. What is h(2)?
0
Let c be (-3 - 20/(-4)) + 1 + -17. Let q(p) = p**3 + 15*p**2 + 14*p + 7. Let s be q(c). Let j(w) = w**3 - 7*w**2 + w - 3. Calculate j(s).
4
Suppose -2*t = 4*y + 62, -y - t + 3*t - 18 = 0. Let o = -10 - y. Let j be ((-4)/o)/((-4)/18). Let w(g) = -g**3 + 6*g**2 - 2*g. Give w(j).
21
Let w(j) = 4*j**3. Let h(l) = 5*l**3 - l. Let k(i) = 3*h(i) - 4*w(i). Calculate k(3).
-36
Let c = 300 - 273. Let l(u) = 4*u + 6. Let f be l(5). Let w = c - f. Let h(d) = 4*d**3 + 1. What is h(w)?
5
Let i = -165 + 166. Let m(g) = -5*g**2 + 0 - 3 + 2. What is m(i)?
-6
Suppose 0 = -8*k - 30*k + 114. Let f(y) = -9*y - 4. Calculate f(k).
-31
Let o(r) = -r + 6. Let v be (-5)/((-10)/27) - (-2)/(-4). Let b(a) = a**3 - 14*a**2 + 15*a - 26. Let j be b(v). Give o(j).
6
Let a(k) = 20*k**2 + 14*k**2 + 4 + 40*k**2 - 4*k - 75*k**2. Calculate a(-6).
-8
Let o(w) be the third derivative of 5*w**4/24 + 461*w**2. Let y(i) = i**3 - 3*i**2 + 3*i - 2. Let c be y(2). Let g be (c - 1)/((-2)/2). Determine o(g).
5
Let d(i) = -i + 4. Suppose -3*s - g + 15 = 0, 0 = 3*s - g - 9 - 0. Suppose -3*w = 7*m - 2*m + 19, -s*w = -3*m + 35. What is d(w)?
12
Let b be (-1)/((4/((-40)/(-15)))/(-3)). Let r(j) = j**3 - 2*j**2 + 2*j + 2. Determine r(b).
6
Let w(c) = 9*c - 1. Let o(b) = 2*b + 11. Let z be o(-16). Let l be ((-20)/15 - -1)*z. Suppose -11 = n + 3*t, -3*n = 4*t - 5*t - l. Give w(n).
8
Let s(d) be the third derivative of -1/3*d**3 + 0 + 0*d + 1/30*d**5 + 1/24*d**4 + 13*d**2. Determine s(2).
8
Suppose h + 72 = 76. Suppose w - 2*u - 2 = h, 0 = 2*w + 4*u + 28. Let k(v) = 3*v + 5. What is k(w)?
-7
Suppose -7 = q - 6. Let h(n) = -n**2 - 9*n + 2. Let t be h(-9). Let l(k) = k**t + 0*k**2 + 6*k**2. Calculate l(q).
7
Let s be -11 + 24/5 + 12/(-15). Let h(m) = 7*m**3 + 13*m**2 + 11. Let l(b) = -b**3 - b**2 - 1. Let p(n) = -h(n) - 6*l(n). Determine p(s).
-5
Let k(s) = 6*s**2 + 10*s - 2. Let r(y) = y**3 - y**2 - y - 1. Let d(u) = -k(u) + r(u). Let v(i) = i**2 - 15*i - 26. Let f be v(17). What is d(f)?
-23
Let w(h) = -3*h**3 + 3*h**3 + h**3 - 4 + 26*h + 5*h**2 - 23*h. Calculate w(-3).
5
Suppose -4*g + 4*x + 18 = -2*g, g - 4*x = 19. Let b(s) = -25*s. Calculate b(g).
25
Let f(c) = 3. Let m(v) = -v - 16. Let y(h) = 4*f(h) + m(h). What is y(-4)?
0
Let l(y) be the second derivative of 2*y**3/3 + y**2 + 1965*y. Let f(n) = -n + 3. Let o be f(5). Calculate l(o).
-6
Suppose 3*o + 0*o = 4*s + 15, -5*o - 9 = -s. Let k(d) = d**3 + 6*d**2 + 2*d - 2. Calculate k(s).
-14
Let r(t) = 6*t**3 + 13*t**2 + 5*t - 7. Let y(a) = 7*a**3 + 14*a**2 + 6*a - 7. Let d(s) = 6*r(s) - 5*y(s). Determine d(-8).
-7
Let c(o) = o**2 - 3*o. Let r be c(3). Suppose r*n - n = -4. Suppose 2*g = w - 3*g, w = g + n. Let d(p) = -p**3 + 5*p**2 + 3*p - 3. Give d(w).
12
Let c(z) = -z**2 + 2*z**2 - 9*z + 3 + 4*z. Suppose 3*p + 2*s - 10 = 4*s, 0 = -p - 2*s - 10. Let k(r) = r**3 - r + 4. Let x be k(p). Determine c(x).
-1
Let t(o) be the second derivative of -o**5/20 + 5*o**4/12 + o**3/3 - 2*o**2 + 225*o. Calculate t(5).
6
Let i(g) = -18*g**3 - 17 + 21*g**2 + 3*g**3 + 4*g**3 + 12*g**3. Give i(-21).
-17
Suppose 4*p - 2*d + 4 = 0, -4*p - p - d = 12. Let m(r) be the second derivative of -r**3 - r**2/2 + 245*r - 2. Give m(p).
11
Let w(l) = 0 + 5*l + 0 - 1. Suppose -2*k + k - 33 = 0. Let y = -34 - k. Give w(y).
-6
Let v(z) = 3*z + 8. Suppose 8*p - 3*p = 45. Suppose 5*j = -21 - p. Let f(m) = 3*m + 7. Let t(d) = j*f(d) + 5*v(d). What is t(-3)?
7
Let k = 11 - 6. Let y(q) = -q**2 - 11*q + 1. Let u be y(-11). Let o(d) = d**2 - 4*d + 5*d**2 - u - 5*d**2 - d. What is o(k)?
-1
Let j(s) = -15*s + 17*s - 2285 + 2324. Determine j(-21).
-3
Let m be -1 + (-5)/(5/(-8)). Let v(d) be the third derivative of -d**6/120 + 2*d**5/15 - 7*d**4/24 + 5*d**3/3 - 23*d**2. What is v(m)?
10
Suppose -13*w + 115 = 50. Let f(b) = -4*b + 26. Give f(w).
6
Let h = -5 - -9. Let o(p) be the second derivative of 5/6*p**3 + p**2 - 1/12*p**4 + 0 + 2*p. What is o(h)?
6
Suppose 2*c = 4*c - 6. Let q(j) = 5*j - 3*j - c*j**2 - 2 - 5*j + j**3 + 5*j. What is q(2)?
-2
Let t(a) = -2*a**2 + 3*a - 2. Let c be -1 + 1 + 2 - -2. Suppose -5 = 3*z - 5*y + 4, -c*y = 3*z - 18. Suppose m = 2*